ppose 0 = n*u + 3*i - 5, 4*u - i + 9 = -6*i. What are the prime factors of u?
2
Let q(h) = -h**3 - 4*h**2 - 3*h + 2. Let j be q(-3). Suppose -j*u = -4*c - 86, 5*u + 0 = 2*c + 199. What are the prime factors of u?
3, 13
Suppose 0*c + 585 = -5*q - c, 0 = 3*q - 4*c + 328. Let j be (6/(-12))/((-2)/q). Let p = j + 49. List the prime factors of p.
2, 5
Let d = 749 + 956. What are the prime factors of d?
5, 11, 31
Let d = 16 - -21. Let x = 149 - d. What are the prime factors of x?
2, 7
Let n be (-7)/(-3) + 1/(-3). Suppose f + n*y - 118 = -0*y, 0 = 4*f - 3*y - 450. Let d = -53 + f. What are the prime factors of d?
61
Suppose 4976 = 4*a + 2*u, 6*u - 4976 = -4*a + 9*u. What are the prime factors of a?
2, 311
Suppose 3*w - 2*w = -5. Let m = -42 + w. Let p = m + 88. List the prime factors of p.
41
Let k be 6/(-3) + 2 + 92. Suppose -10*r - 50 = -90. Suppose -2*p - 2*g = -k, r*p - 2*g + 4 - 164 = 0. What are the prime factors of p?
2, 3, 7
Let y be (-2540)/16 - 1/4. What are the prime factors of (5 + -7)*y/6?
53
Let q be 1 + -1*44/4. Let u be ((-10)/(-3))/(q/15). List the prime factors of (-102)/((u - -4) + -1).
3, 17
Let d = -71 - -75. Suppose 0 = 3*w - 0*w + d*j - 161, -5*w + 5*j = -280. List the prime factors of w.
5, 11
Let w be 9918/95 + 4/(-10). Suppose 4*q - 2*g = 398, 3*q - g + w = 4*q. What are the prime factors of q?
101
Let t(k) = 36*k**2 - k - 1. Let z be t(-1). Suppose -5*x = -8*x + z. Suppose i - 3 = x. List the prime factors of i.
3, 5
Let g = 863 - 187. List the prime factors of g.
2, 13
Let q = -51 - -84. Suppose -41 = -2*c + q. List the prime factors of c.
37
What are the prime factors of (5530/(-10))/(0 + -1)?
7, 79
Let n = 1 + -3. Let u be 1 + n + 21 + -2. Suppose -u = -3*x + 24. What are the prime factors of x?
2, 7
Suppose -5*n - t + 4083 = 0, t - 1635 = -228*n + 226*n. What are the prime factors of n?
2, 3, 17
Let q(b) = -2*b + 4. Let u be q(2). Suppose u = -3*a + 2*g + 168 + 55, 3*a - 224 = g. Suppose -7*m + 317 = -a. What are the prime factors of m?
2, 7
Let d be (-2800)/88 + (-4)/22. Let c = 61 + d. List the prime factors of c.
29
Let j be (-6 - 0) + 0*3/18. List the prime factors of -2*((-3)/j*0 - 97).
2, 97
Suppose 6*s - 2 = 22. Suppose b - s = -2. Let d(a) = 5*a**3 - 4*a**2 + 4*a - 3. List the prime factors of d(b).
29
Let p = -158 - 19. Let b = p - -249. Let y = 107 - b. What are the prime factors of y?
5, 7
Suppose 0 = 34*q - 30*q - 44. Let v(t) be the first derivative of t**2/2 - 3*t + 1. List the prime factors of v(q).
2
Suppose -3*o + 4 = -2*o. Suppose o = 3*j + 5*p + 2, -12 = -5*j - 4*p. Suppose 2 = 4*f - 3*f - j*r, 0 = -4*r + 12. What are the prime factors of f?
2, 7
Let m(n) = 9 + 16*n**2 - 2*n - n - 9*n**2. What are the prime factors of m(4)?
109
What are the prime factors of ((-263)/2 + 0)/((-5)/30)?
3, 263
Suppose 11211 = 8*y - 6005. What are the prime factors of y?
2, 269
Suppose -4*l + 1976 = w, 27*w + 982 = 2*l + 26*w. What are the prime factors of l?
17, 29
Let w(h) be the third derivative of 3*h**4/8 - 25*h**3/3 + 30*h**2. List the prime factors of w(11).
7
Let f(r) be the second derivative of 11*r + 0 + 5*r**2 - 2/3*r**3. What are the prime factors of f(-3)?
2, 11
Suppose 0 = 5*p + d - 199, -3*p - 4*d + 109 = -6*d. List the prime factors of 325/p*(-9)/(-1).
3, 5
Let d = 941 - 434. What are the prime factors of d?
3, 13
Let r be ((-5)/(-10))/((-2)/(-16)). Suppose -r*u + 2*u + 110 = 0. List the prime factors of u.
5, 11
Suppose 5*v + 5*f - 8285 = 0, 5*f = 5*v - 8205 - 90. List the prime factors of v.
2, 829
Suppose 33*z - 35*z = -1926. List the prime factors of z.
3, 107
Let b be (-2038)/(-10) - 1/(-5). Suppose -6*p = -0*p - b. What are the prime factors of p?
2, 17
Let b(u) = u**3 + 13*u**2 - 9*u - 14. Let g be b(-14). Let a = -2 - g. List the prime factors of a.
2, 41
Suppose 2*f - 6*b + 5436 = -10*b, 0 = -b - 1. What are the prime factors of (f/(-35))/(4/10)?
2, 97
Let r be 1/(3/(-27)*3). Let t be ((-18)/(-3))/r*119. What are the prime factors of (18/7)/((-51)/t)?
2, 3
Suppose -144*c + 140*c + 2216 = 0. Suppose 4*t + c = 5*g, 157 = g - 4*t + 59. List the prime factors of g.
2, 3, 19
Suppose 0 = 3*o + 2*j + 4832, 8028 = -8*o + 3*o + 3*j. List the prime factors of (-24)/(-156) - o/26.
2, 31
Suppose 2*o - 11336 = 2*r, -11324 = -2*o + 10*r - 5*r. List the prime factors of o.
2, 709
Suppose 36*w - 16450 = 24266. List the prime factors of w.
3, 13, 29
Suppose 5*i - 5*r = 20, 3*i - 8 = 4*r + 5. Suppose -16 - 24 = -i*d - 2*m, 4*d - 4*m = 20. What are the prime factors of d?
2, 5
Let t = 696 + -163. What are the prime factors of t?
13, 41
Let f(n) = -n - 9. Let p be f(-11). Suppose -p*q = 5*h - 560, -430 = -8*h + 4*h + 2*q. What are the prime factors of h?
2, 5, 11
Let u(q) = -11*q**2 + q - 1. Let t be u(-2). Let g be (30/4)/(639/90 + -7). Let x = g + t. List the prime factors of x.
2, 7
Let c = -72 - -472. List the prime factors of c.
2, 5
Let n(u) = -5*u**2 + u + 4*u + 5*u**3 - 11 + 9. Let f be n(3). Suppose -4*b + 137 = 5*p, p + b - f = -3*p. List the prime factors of p.
5
Suppose -3*j - 2 = 22. Let k(q) = -3*q**3 + 5*q**2 + 6*q. Let v(h) = -h**3 - h**2 - h + 1. Let l(d) = -k(d) + 4*v(d). What are the prime factors of l(j)?
2, 5
Let y(k) = -40*k**3 - 2*k**2 - 7*k + 1. Let m(t) = -79*t**3 - 4*t**2 - 15*t + 2. Let b(u) = -6*m(u) + 13*y(u). What are the prime factors of b(-1)?
2, 23
Suppose d - 2484 = -z, 0 = -5*d - 7*z + 4*z + 12414. List the prime factors of d.
3, 827
List the prime factors of 33/(-99)*-1*6819 + 3.
2, 569
Let c(z) = -4*z + 53. Let o be c(-13). What are the prime factors of 15/(-3) + (o - 2)?
2, 7
Let m = 129 + -16. Let v = m + -65. What are the prime factors of v?
2, 3
What are the prime factors of 12864/(-40)*(-105)/14?
2, 3, 67
Suppose -169 = -4*r + 419. Let i = r + -78. List the prime factors of i.
3, 23
Let j(s) = -s**3 - 7*s**2 + 8*s - 17. Let u be j(-8). Let b = u + 33. List the prime factors of b.
2
Let c(o) = 72*o + 162. What are the prime factors of c(20)?
2, 3, 89
Let n(t) = -t + 7. Let j be n(3). Suppose 24 = 2*b - j*a, -a + 6 + 2 = 3*b. Suppose m = 0, 0*m - 2*m - 212 = -b*v. List the prime factors of v.
53
Suppose 6*x - 9*x - 1341 = 0. Let k = 658 + x. List the prime factors of k.
211
What are the prime factors of ((-22)/3)/((-60)/9270)?
11, 103
Let q be 0/(-1 - -2 - -1). Suppose q = -5*z + h + 26, -2*z - 4*h = 2*z - 16. Suppose -n - z*n + 396 = 0. List the prime factors of n.
2, 3, 11
Let n be -229*(-4 - -7)/(-3). Suppose 4*h = -5*b + n, -3*b - 42 = -2*h + 89. List the prime factors of h.
61
Let a(y) = y**3 + 8*y**2 + 2. Let b be a(-8). Suppose 0 = 4*v - 2*f - 2 - 0, 0 = b*v - 3*f + 5. What are the prime factors of v - (-16 - 0) - -3?
3, 7
What are the prime factors of (-7)/(2 + 2 + (-2751)/687)?
7, 229
Let q(w) = 4*w**2 + 19*w - 5. Let o be q(-5). Suppose -3*x + 7*x - 504 = o. What are the prime factors of x?
2, 3, 7
Suppose -15*g = -12*g - 5*n - 2755, -g - 7*n = -953. List the prime factors of g.
5, 37
Suppose 0 = -5*w + 4*o + 297, 0 = 6*w - 4*w - 3*o - 116. Let s = 93 - w. List the prime factors of s.
2
Let a = -7 - -4. Let h be (-6)/(-4) + a/(-2). Suppose 0 = 2*b + h*b - 310. List the prime factors of b.
2, 31
Let v(p) = 4*p - p**2 - 3 + 8*p - p + 8. What are the prime factors of v(8)?
29
Let k(t) = 2*t**2 + 17*t + 23. List the prime factors of k(-7).
2
Let d(f) = 19*f - 5*f + 70 - 68. List the prime factors of d(5).
2, 3
Let f = -77 + 777. Suppose 11*z - f = 6*z. List the prime factors of z.
2, 5, 7
Let w be (11 - 0)/((-1)/(-1)). Suppose -2*t + w = l - 61, -2*t + 3*l = -56. List the prime factors of t.
2, 17
Let z(y) = -9*y**2 - y - 1. Let b be z(-1). Let s = b - -35. What are the prime factors of s?
2, 13
Let q(p) = 4*p**3 - 2*p**2 - 2*p + 2. Let d = 65 + -62. What are the prime factors of q(d)?
2, 43
Let w(m) = -m**3 - 13*m**2 + 9*m + 5. Let k be w(-6). Let x = -167 - k. List the prime factors of x.
2, 67
Let a(d) = 5*d**2. Let j be a(-1). Suppose 0 = -3*z + 8*z - 2*f - 281, -289 = -j*z - 2*f. List the prime factors of z.
3, 19
Let w(k) = -k**3 - 8*k**2 + 8*k - 2. What are the prime factors of w(-10)?
2, 59
Suppose -r + 4*f = 2, 0 = 3*r - 0*r - 4*f - 2. Suppose -3*q + 25 = r*q. Suppose q*o - 3*z - 120 = 2*z, 0 = 2*o - 3*z - 50. What are the prime factors of o?
2, 11
Suppose -1